 ((-1)/(-2))/(z/400). What are the prime factors of ((-296)/6)/(u/(-30))?
2, 37
Suppose 3*o = 5*y + 18, -4*o - 3*y - 2*y = -59. Let w = 49 - o. What are the prime factors of w?
2, 19
Let m = 201 + -111. Let o = 108 - m. List the prime factors of o.
2, 3
Suppose 3*h + 19 = 4*v - 3*v, -3*h = -2*v + 23. Let r = v + 67. What are the prime factors of r?
71
Suppose 14 = 4*u - 6. Suppose 4*q - 3 = 1, -u*t = -5*q - 1095. Suppose -3*v - 2*v = -t. List the prime factors of v.
2, 11
Let u(p) = -5*p**2 + 18*p - 9. Let k(m) = -6*m**2 + 18*m - 10. Let v(g) = -4*k(g) + 5*u(g). Let t be v(13). Suppose o - t = -o. What are the prime factors of o?
2, 3, 5
What are the prime factors of 24/(-9 - 5055/(-560))?
2, 7
List the prime factors of 18/12*((-9580)/6)/(-5).
479
Let d be 1*175 - (-4 - (1 - 8)). Let z = d - 120. What are the prime factors of z?
2, 13
Let m(n) = 18*n**2 - 7*n + 3. List the prime factors of m(8).
7, 157
Suppose m + 4 = 13. Suppose 11 = 4*o - m. Suppose o*f - 124 = f. List the prime factors of f.
31
Let c(i) = -i + 1. Let l(m) = -15*m + 12. Let b(j) = -9*c(j) + l(j). Suppose -2*w = -4*d + 8, 5*w - d + 0*d = -11. What are the prime factors of b(w)?
3, 5
Let k(l) = l**2 - 17*l - 88. List the prime factors of k(45).
2, 293
List the prime factors of (-555)/(-4)*424/265.
2, 3, 37
Let h be (-39)/(-15) + 6/(-10). Let w(b) = b**3 + b**2 - b. Let a(j) = 9*j**3 + 5*j**2 - 3*j - 1. Let q(m) = a(m) - 6*w(m). List the prime factors of q(h).
5
Let h = 318 - 160. What are the prime factors of h?
2, 79
Let m(g) = 3*g. Suppose 3*z = -2*x - x + 15, -25 = z - 5*x. Suppose -4*k + 8 = 0, -2*n + 4*k + z*k + 4 = 0. What are the prime factors of m(n)?
2, 3
Let s(c) = -c + 21. Let f(j) = -j + 21. Let u(l) = 6*f(l) - 5*s(l). Suppose 50 + 25 = -5*t. List the prime factors of u(t).
2, 3
Let i(z) = -3*z**3 - 1. Let w be (12 - 2)*(-2)/(-5). Suppose -w*v - 9 + 1 = 0. List the prime factors of i(v).
23
Let m(q) = 9*q - 7 - 4 - q**2 + 5. Let a be m(8). What are the prime factors of 13 + -2 + a + -3?
2, 5
Let w(y) = -16*y - 20. Let x be ((-5)/15)/((-3)/(-63)). What are the prime factors of w(x)?
2, 23
Suppose -2*i = w + 83 - 213, 4*w = -5*i + 514. Let t = w + 58. List the prime factors of t.
2, 23
Let s be ((-1)/(-3))/((-5)/(-60)). Let k(w) = w**2 + 6*w - 6. Let u be k(s). Let b = 64 - u. What are the prime factors of b?
2, 3, 5
Let w = 3 - -2. Suppose 5*t = a - 2*a + 2, 2*t - 17 = w*a. What are the prime factors of (5 + a - -1) + 12?
3, 5
List the prime factors of ((-74)/4)/(18/(-36)).
37
Suppose -12 = 2*a + 3*y, -3*a + 3 = 5*y + 21. What are the prime factors of 41 - a*(-3)/6*1?
2, 19
Let b(l) = -19*l - 9. Let y(z) = -10*z - 4. Let x(g) = -6*b(g) + 14*y(g). List the prime factors of x(-1).
2, 3
Let n be (-18)/63 - 9/(-7). Let a be 5/3 - n/(-3). Suppose 5*o = 3*c - 2*c + a, c - 25 = -4*o. What are the prime factors of c?
13
Let q(n) = 7*n + 28. Let r be (2/(-8))/((-15)/1020). What are the prime factors of q(r)?
3, 7
What are the prime factors of (-10)/4*2*(-367)/5?
367
Let r(p) = -61*p. Suppose 23*q = 22*q - 2. List the prime factors of r(q).
2, 61
Let r = -169 - -223. What are the prime factors of r?
2, 3
Suppose 2*a = 3*c + 17, -4*a - 4*c = -a. Let z = a - 1. Suppose 9 = -0*x + z*x. What are the prime factors of x?
3
Let j = -5246 + 7418. List the prime factors of j.
2, 3, 181
Let g = -1 + 3. Suppose -18 = -3*c - 3*h, 2*h + h - 3 = g*c. Suppose -c = -p - 0. List the prime factors of p.
3
Suppose -95209 = -24*u - 8905. What are the prime factors of u?
2, 29, 31
Let u(l) be the third derivative of -17*l**4/8 + 11*l**3/6 - 2*l**2 + 4*l. What are the prime factors of u(-6)?
317
Let f(n) = -n**2 + 2*n + 4. Let c = 2 - 6. Let m be f(c). What are the prime factors of m/(-8)*(-12)/(-10)?
3
Let c be 0/1 - -1 - -6. Let l(a) = -2*a + c*a + 4*a - 1 + 0. What are the prime factors of l(2)?
17
Suppose 0 = 2*n - u - 176, 2*u - 35 = -n + 53. List the prime factors of n.
2, 11
Let a = 660 + -248. Suppose 8*l + 4*c - 384 = 4*l, 4*l - 3*c - a = 0. What are the prime factors of l?
2, 5
Let q(l) = l**3 + 16*l**2 + 20*l + 7. List the prime factors of q(-14).
7, 17
Let x(j) = j + 4. Suppose -r + 2 = -3. Suppose -r*f + 17 = -33. List the prime factors of x(f).
2, 7
Let x(u) = -8*u - 33. Let a be x(11). Let y = -28 - a. List the prime factors of y.
3, 31
Let f(c) = 10*c**3 - 9*c**2 + 8*c - 5. List the prime factors of f(6).
1879
Let l = -8 + 12. Suppose l*t + 4*c = 2*t + 72, 3*t = 4*c + 68. What are the prime factors of t?
2, 7
Let n = -1800 - -2906. List the prime factors of n.
2, 7, 79
Let s = -86 + 89. Suppose s*k + 3*p + 55 = 238, 0 = p - 5. What are the prime factors of k?
2, 7
List the prime factors of (-3153)/(-27) - (-3)/((-54)/(-4)).
3, 13
Suppose -42 = -5*w + 173. Let n = w + -36. What are the prime factors of n?
7
Let v(c) = c**2 + 2*c - 6. Let o be v(-4). Suppose -o*t + 163 + 161 = 0. List the prime factors of t.
2, 3
List the prime factors of 1 + 0 - (-15 - 17182/11).
2, 3, 263
Suppose s = -4*s + 5. Let c be -4 + -1 - (-4 + s). Let v(h) = -9*h + 1. List the prime factors of v(c).
19
Let g(z) = 2*z + 6 + 18*z + 4 - 5. List the prime factors of g(4).
5, 17
Suppose -2*l - 2*y - 85 = 237, 4*y = -l - 173. Let k = l + 238. What are the prime factors of k?
3
Suppose -4 = -3*j + 5*j. Let p(q) = -q**3 - q**2 + 2*q + 7. List the prime factors of p(j).
7
Suppose -k - 3*k + 1752 = -3*s, k + s - 438 = 0. Suppose -6*a + 12 = -2*a, 5*h - k = 4*a. What are the prime factors of h?
2, 3, 5
Let a(l) = 4*l + 19. Suppose 3*b - 6*b + 93 = 0. Let t = b - 23. List the prime factors of a(t).
3, 17
Let i = 47 - 49. List the prime factors of i - -1*(113 + -3).
2, 3
Suppose 5772 = 4*h + 2*r, 3*r = 5*h - 0*h - 7237. List the prime factors of h.
5, 17
Let g be (-6)/(-7)*(187 + 5/(-1)). Let l = g - 33. List the prime factors of l.
3, 41
Let i(m) = -m**2 + m + 2. Let a be i(-1). Suppose 5*o - 168 - 62 = a. Suppose 2*w = w + o. What are the prime factors of w?
2, 23
Suppose 14*z + 98 = 2226. List the prime factors of z.
2, 19
Suppose -148*q = -159*q + 35607. List the prime factors of q.
3, 13, 83
Let r be (-2 - -9)*948/42. Let d = -80 + r. List the prime factors of d.
2, 3, 13
Let k = -720 - -977. What are the prime factors of k?
257
List the prime factors of (1 - (-5 - -10)) + (34 - 4).
2, 13
Let h(t) = 14*t + 226. What are the prime factors of h(22)?
2, 3, 89
What are the prime factors of 657556/301 + (-3)/(-7)?
5, 19, 23
Let g(h) = 47*h**2 + 7*h - 26. Let p be g(3). Let j = p + -181. What are the prime factors of j?
3, 79
List the prime factors of -8 - (-20)/(-30)*-786.
2, 3, 43
Let p = -6 + 11. Suppose 35 = o + p. Let q = o + -11. List the prime factors of q.
19
Let f be 1 - (-2 - -73 - 0). What are the prime factors of ((-60)/(-21))/((-4)/f)?
2, 5
Let h(d) = -d**3 + 4*d**2 - 2*d + 4. Let b be h(3). Suppose a + z = 5*a - 13, 0 = a - 4*z - b. Suppose a*i = 30 + 105. What are the prime factors of i?
3, 5
Suppose 4*u = -5*j - 191, 3*u - j = 4*u + 49. Let n = -10 - u. List the prime factors of n.
2, 11
Let j(n) = -3*n + 123. Let t(a) = a - 62. Let g(y) = 3*j(y) + 5*t(y). List the prime factors of g(0).
59
Suppose -2*x + 213 = -109. List the prime factors of x.
7, 23
Let m = -115 + 505. What are the prime factors of m?
2, 3, 5, 13
Let o = 4 - -19. Suppose f - 14 = o. List the prime factors of f.
37
Let w(k) = 8 - 4 - 3 - 2*k**2 - k**3 - 2*k. Let f be w(-2). Suppose -2*p + 73 = -4*m - 31, f*p - 2*m = 252. What are the prime factors of p?
2, 5
Suppose 0 = 6*z - 16*z - 20. Let p(v) = -45*v - 5. List the prime factors of p(z).
5, 17
Suppose -6*m + 1125 = -2061. List the prime factors of m.
3, 59
Suppose 10*u + 4220 = 15070. What are the prime factors of u?
5, 7, 31
Let i = 59 - 103. Let x = -12 - i. What are the prime factors of x?
2
Let x(h) be the third derivative of -3*h**4/8 + 23*h**3/6 - 3*h**2. List the prime factors of x(-10).
113
Let h = -789 + 1131. Let w = -183 + h. List the prime factors of w.
3, 53
Suppose 4 + 5 = 3*g. Suppose 0 = g*m + 6, -2*m - 250 = -3*w - 0*m. List the prime factors of w.
2, 41
Suppose -13*v = -3866 - 6417. List the prime factors of v.
7, 113
Suppose -7*t = -4*t - 6. Suppose v = 3*m - 0*m - 159, -t*m + v = -105. What are the prime factors of m?
2, 3
What are the prime factors of 1896*((-